z be v(-5). Suppose -x - 14 = -3*a, -4 = -a - x - z. What is w(a)?
-1
Suppose -5*i + 8 = 4*l - i, 11 = l + 4*i. Let t(u) be the first derivative of 9*u**4/2 + u**3/3 + u**2/2 - 506. Give t(l).
-18
Let l(d) = -d**2 - 7. Let p(u) be the second derivative of -u**4/6 + u**3/6 - 7*u**2 + 3*u. Let m(q) = -11*l(q) + 6*p(q). Give m(6).
-7
Let h = 8 - -1. Let u(f) = -f**3 + 8*f**2 + 10*f + 9. Let p be u(h). Suppose -p = 2*t - 5*t. Let b(s) = s**2 - 7*s + 5. What is b(t)?
-1
Let c be ((-2)/(-5)*1)/(3/15). Let g(y) be the first derivative of 5 + y**3 + 0*y - 3/2*y**c. Determine g(2).
6
Let g(t) = -13*t**3 - 15*t**2 - 17*t + 17. Let n(y) = 3*y**3 + 4*y**2 + 4*y - 4. Let i(q) = 2*g(q) + 9*n(q). Calculate i(-6).
-14
Let o(p) = 1891*p + p**3 + 2*p**2 - 3 - 942*p - 951*p. Give o(-3).
-6
Let d(u) be the second derivative of u**3/3 + 2*u**2 - 17*u + 2. Let b be 4*((-21)/6 + 2). Calculate d(b).
-8
Let o(g) = -9*g**2 + 24*g + 6. Let z(f) = -5*f**2 + 13*f + 4. Let j(y) = 4*o(y) - 7*z(y). What is j(7)?
-18
Let l(p) = 8*p. Let w = -14 + 24. Let y(z) = 14*z**2 + 275*z**3 - 138*z**3 - 138*z**3 + 1 - 4*z**2. Let m be y(w). Give l(m).
8
Suppose -3*z = 3*y - 27, -8 = 3*z + 2*y - 39. Let k(p) = -5*p**2 - 3*p - 5. Let o(b) = -11*b**2 - 6*b - 11. Let g(n) = z*k(n) - 6*o(n). Give g(3).
1
Let r(f) = -f - 12 + 9 - 9. Suppose 8*o - 3 = 5*o. Let a be o/(-2) - (-2)/4. Calculate r(a).
-12
Suppose 7*d - 9*d = 0. Let t(o) = 0*o + d*o + 2*o + 0*o. Let l(j) = -1. Let r(v) = -5*l(v) + t(v). Calculate r(-5).
-5
Let j be 342/66 - (-2)/(-11). Let k(z) = j*z**2 - z**2 + 5*z - z - 5*z. Give k(-1).
5
Let d(x) = 13*x**2 - 9*x + 17. Let a(m) = -11*m**2 + 10*m - 17. Let k(l) = -7*a(l) - 6*d(l). What is k(-16)?
17
Let w(u) = -7*u + 1. Let z(y) = -4*y + 1. Let t(g) = 3*w(g) - 5*z(g). Let m(s) = -s + 11. Let j be m(9). Suppose -28 = -6*l + j. Give t(l).
-7
Let n(l) = -l - 4. Let s(z) = -z**2 - 3*z - 9. Let b(r) = -5*n(r) + 2*s(r). Let y = -44 + 40. Let d = -6 - y. Calculate b(d).
-4
Let o(z) = 11*z**3 + 35*z**2 + 15*z + 16. Let f(m) = 5*m**3 + 16*m**2 + 7*m + 7. Let n(r) = 9*f(r) - 4*o(r). Give n(-5).
-41
Let t = 1 + 9. Let g be 308/(-20) - t/(-25). Let x = 21 + g. Let k(q) = -q**2 + 7*q + 4. What is k(x)?
10
Let l(k) be the first derivative of -k**4/4 - k**3 - 2*k**2 - 2*k + 4. Let i(j) = -14*j - 702. Let u be i(-50). Determine l(u).
2
Let o(f) = f**3 + 5*f + 3*f**2 + 3*f**2 + 15 - 2*f**3. Let w be o(7). Let x(g) = 3*g. What is x(w)?
3
Let w(f) be the second derivative of -f**3/3 + f**2/2 - 2*f. Suppose 192 = -61*u - 113. Determine w(u).
11
Let a(g) = -57 - 56 + g**2 + 14*g - 58 + 174. Give a(-13).
-10
Let m(t) = t**3 + 6*t**2 + 2*t. Let i be m(-3). Let b = i - 16. Let d(f) = -f**3 + 3*f**2 + 7*f + 1. What is d(b)?
-14
Let j be 6/(-33) - 26/(-22). Let r(i) be the first derivative of -i**3/3 + i + 14. Determine r(j).
0
Suppose 5*l - 338 = -2*f, l + 3*l - 256 = 2*f. Suppose l - 41 = -5*b. Let w(u) = -u**3 - 4*u**2 + 7*u + 6. Calculate w(b).
-4
Let t(i) = 0*i**3 - 2*i**3 + 5*i**3 - i + i**2. Let u = 16 + -16. Suppose -5*k + u = -5. Give t(k).
3
Let k(g) = -4*g + 2. Let z(a) = 5*a + 76. Let b be z(-15). What is k(b)?
-2
Let l(i) be the second derivative of -1/20*i**5 - 3*i**2 + 5/12*i**4 + 0 - 2*i + 1/6*i**3. Give l(5).
-1
Let u(a) = 2*a + 2. Let q(o) = 45*o - 3. Let p(l) = -q(l) - 2*u(l). What is p(-1)?
48
Let v(t) be the second derivative of -1/3*t**3 + 0 - 8*t + 0*t**2. Give v(-4).
8
Let b(g) = -g**2 + 8*g - 5. Let q(n) = -n + 10. Let w be q(7). Suppose w*k + 12 = 42. Suppose -3*j = -2*x + 9, -2*x + 0*j + k = -2*j. Give b(x).
7
Let t(r) = r**3 + 12*r**2 + 12*r + 7. Let x be t(-11). Let c(k) = k - 3. What is c(x)?
-7
Let g(m) = 21 - 8 - m**3 - 45*m + 46*m + 22 + m**2. What is g(0)?
35
Let n(l) = -57*l + 56*l + 4 + 5. Let p = 1 + 6. Determine n(p).
2
Suppose -5*k = -2*d + 6*d + 16, 5*d - 17 = 3*k. Let j(q) = 3 - 1 - 25*q - d + 24*q. Calculate j(5).
-4
Suppose -4*c - 9*q + 5*q = -16, -2 = 3*c - 4*q. Let h(x) be the second derivative of 3*x + 0 + c*x**2 + 1/6*x**3. What is h(-5)?
-1
Let y(l) = 3*l + 5. Let v = 45 + -42. Let i(z) = -z**3 + 2*z**2 + z + 2. Let s be i(v). What is y(s)?
-7
Let g(i) be the first derivative of 7/60*i**5 + 1/6*i**3 + 0*i**4 + 0*i + 2*i**2 - 7. Let n(f) be the second derivative of g(f). Calculate n(1).
8
Let v(h) = h + 2. Suppose 4 = m - 1. Suppose -m*l + a - 4*a + 141 = 0, 114 = 4*l + 2*a. Suppose 0 = 5*j - 0*j - l. What is v(j)?
8
Let n(c) be the second derivative of -c**5/40 + c**3/6 - 10*c**2 - 2*c - 5. Let r(m) be the second derivative of n(m). Calculate r(2).
-6
Let o(h) = h + 7. Let y(r) = 68*r + 63. Let c be y(-1). Determine o(c).
2
Let a(w) be the first derivative of 7*w**2/2 - w + 493. Suppose -2*h = 2*p - 11 - 5, 5*p - 25 = -2*h. What is a(p)?
20
Let n(x) = -3*x - 3. Let b be (26/6)/(4/24*-1). Let r(u) = u**2 + 25*u - 28. Let q be r(b). What is n(q)?
3
Let c(l) be the third derivative of 5/6*l**3 + 1/24*l**4 + 0*l + 0 + 7*l**2. Calculate c(-6).
-1
Let p(h) be the first derivative of 4*h + 5 - 1/3*h**3 - 5*h**2 + 1/20*h**5 + 7/12*h**4. Let u(l) be the first derivative of p(l). Give u(-7).
4
Let q(p) = 2*p + 8. Let u be q(-2). Let n(y) be the first derivative of u - 1/2*y**2 + 2*y. What is n(2)?
0
Suppose 0*w = -w + 5*p - 29, 4*p - 28 = 2*w. Let t(q) = 3*q + 5. Determine t(w).
-7
Let p(v) = -v**2 - 7*v - 8. Let h(j) = -j**2 + j + 5. Let n be h(0). Let u(l) = -l + 14. Let g(i) = 3. Let f(m) = g(m) - u(m). Let o be f(n). Calculate p(o).
-2
Suppose 28 = 4*z - 5*j, 21 = -4*z + 7*z - 4*j. Let c(f) = -f**3 + 7*f**2 + f - 2. Determine c(z).
5
Let f(w) = -2 - 2*w - 2*w + 2*w. Let o be ((-268)/(-335))/((-48)/20 + 0 - -2). Calculate f(o).
2
Let s(k) be the third derivative of -k**6/40 - k**5/60 + k**4/12 + k**3/2 - 2*k**2 + 72. Give s(-1).
3
Suppose 2*o - r = -5, 2*r + 35 = -5*o - 0*o. Let i(v) = -85 - 3*v - 94 - v**2 + 186. Calculate i(o).
-3
Suppose -54 = -16*y + 86 + 20. Let k(q) = 5*q + 7*q - 2*q + 9*q**2 + 3 - q**3. Give k(y).
3
Let t(m) = m**3 + 4*m**2 - m + 1. Let j(k) = 2*k**3 + 2*k**2 - 5*k - 6. Let a be j(-2). Calculate t(a).
5
Let q(n) = 5*n**2 - 4*n - 18. Let u(v) = -v**2 + 2. Let k(c) = -q(c) - 6*u(c). Calculate k(-4).
6
Let y = -27 + 29. Let f(v) = 0*v + y*v + v**2 - 3 - v**3 + v. Determine f(2).
-1
Suppose -9*c - 48 = -165. Let f(b) = b**2 - 13*b + 11. What is f(c)?
11
Let v(c) = -285 + 864 - 2*c**2 - 289 - 14*c - 287. Calculate v(-8).
-13
Let j(x) be the first derivative of 5*x**4/6 + x**2/2 - 2*x + 9. Let f(v) be the first derivative of j(v). Calculate f(-1).
11
Let z(k) be the first derivative of k**6/120 - k**5/60 - 7*k**3/6 - k**2 - 12. Let u(r) be the second derivative of z(r). Give u(0).
-7
Let l(g) = -6*g**2 + g - 3. Let a be 3/(3 + -2) - 2. Let t(w) = 8*w**2 - 7*w**2 + 2 - a. Let f(n) = -l(n) - 5*t(n). Give f(4).
10
Let l(s) = 5*s + 3*s - 4*s - 5*s - 4. Suppose -5*a + o = -2*o + 46, 0 = -a + 5*o - 18. Give l(a).
4
Let i(r) = 10*r - 4. Let s = 104 - 102. What is i(s)?
16
Let d(q) = -q**3 + 3*q**2 - 4. Let m be (-1*1)/(15/270). Let f be (2 - 3)/(6/m). Calculate d(f).
-4
Let h(u) = -2*u**2 + 3*u + 1. Let k = 18 - 16. Let c be k/(12/(-7) - -2). Let l(g) = -3*g**2 + 4*g + 1. Let v(s) = c*h(s) - 5*l(s). Determine v(-3).
8
Let k(m) = -m + 1. Suppose -4*u + 54 - 10 = 0. Suppose -3 + u = -4*y. Let g be y/(8/20*5). Give k(g).
2
Let a(w) = 1 + 4*w - 2*w - 3*w. Let g(k) = -12*k**2 + 4*k - 7. Let c be g(4). Let y = c + 190. Calculate a(y).
-6
Let r(h) be the third derivative of -h**6/120 + h**5/60 + h**4/24 - h**2. Let v(f) = -2*f**3 - 4*f**2 - 3*f + 5. Let q(a) = r(a) - v(a). Give q(-4).
-5
Let h(o) = 1432*o**2 + 1 + 4*o - 1435*o**2 + 0. Give h(3).
-14
Let b(j) = -12268 - 4*j + 5*j + 12262. Calculate b(5).
-1
Let w(u) = -2*u - 2. Let f be (-476)/32 + 15/(-120). Suppose -2 = -h - 2*j - 13, -3*h - 4*j = 39. Let b = f - h. What is w(b)?
-6
Let j(s) = -s + 6. Let m be (12/(-2))/((-16)/8). Suppose -2*i + 18 = 2*c, 5 + 1 = m*i. Calculate j(c).
-1
Let n(v) be the third derivative of v**4 - v**3/6 - v**2 - 22. Determine n(-2).
-49
Let n = -666 - -672. Let k(y) = -y**2 + 7*y + 7. What is k(n)?
13
Let r(j) = 11*j**2 + 18*j + 13. Let q(p) = 9*p**2 + 17*p + 12. Let x(k) = -6*q(k) + 5*r(k). Give x(10).
-27
Let a be ((-1)/3)/(6/(-198)). Suppose -a = -5*g + 14. Let s(t) = t 